2
Let k(r) be the second derivative of -r**7/840 - r**4/24 - r**3/2 - 2*r. Let i(s) be the second derivative of k(s). Let o = 2 + -1. Determine i(o).
-2
Let t(p) = -2*p**2 + 37*p - 81. Let k be t(16). Let c(z) = -5*z**3 - 2*z**2 + 1. What is c(k)?
4
Let v(b) = -6*b + 3. Let r = 3 + -1. Suppose -r*q + 5 = -1. What is v(q)?
-15
Let q(o) = -4*o**3 + 26*o**2 + 35*o - 10. Let p(s) = -3*s**3 + 22*s**2 + 34*s - 9. Let b(r) = -3*p(r) + 2*q(r). Determine b(16).
7
Let i(m) = -137*m**2 - 186*m**2 + 324*m**2 - 16 + 11*m. Give i(-12).
-4
Let s(c) = 11*c + 23 + 4*c**2 - 8 + 9*c - 7*c. Let b(p) = 3*p**2 + 9*p + 10. Let l(t) = -7*b(t) + 5*s(t). Suppose 1 = -2*d + 9. Give l(d).
-3
Suppose -z - 1 = 3*w - 6, 4*w = 5*z - 82. Let x(d) = d**2 - 14*d - 4. Determine x(z).
-4
Let l(t) = 15*t**3 - 5*t**2 - 2*t + 6. Let r(w) = w**3 - w**2 + 1. Let s(q) = -l(q) + 5*r(q). Let y be (-37 - -45)*(-6)/8 + (6 - -1). Give s(y).
-9
Suppose r + 3*r = -2*y - 4, -3*y - 4*r = -2. Suppose 18 = x - 4*t, 6*t = -3*x + 3*t - y. Let w(o) = 6*o**2 - 3*o + 2. What is w(x)?
20
Suppose -u + 3 = -i - 4, 5*u - 15 = -5*i. Suppose 3*o - 2 = -u. Let s(b) = 4*b**3 + b**2 + 2*b + 1. Give s(o).
-4
Let s(v) = v**3 + 7*v**2 - 7*v + 10. Let y(q) = -q**3 - 30*q**2 - 53*q + 77. Let z be y(-28). Determine s(z).
59
Let b(d) = -d**3 + 5*d**2 - 4. Suppose y - 4 = 3. Suppose 5*a + 3*t = 4*a - y, -5*t = 3*a + 5. Let o be b(a). Let n(i) = -i**2 - 3*i - 6. Give n(o).
-10
Let z(h) = -2*h**3 - 2 + 6*h + 6*h**2 - 10*h + h**3. Let m be z(5). Let o be 0 + -1 - (m - 7). Let y(w) = -3*w + 1. What is y(o)?
-8
Let k = -31 - -31. Suppose -3*t - 4*u = -8, k*t - 4*t + 5*u - 41 = 0. Let z(g) = -3*g - 5. What is z(t)?
7
Suppose 2*g + 46 = 50. Suppose -g*o - 2*o - 16 = -4*t, -5*t + 36 = -o. Let k(y) = -y**3 + 8*y**2 + y - 8. Give k(t).
0
Suppose 377 - 371 = 3*r. Let s(v) be the third derivative of v**6/120 - v**5/20 + v**4/8 + 4*v**2. Give s(r).
2
Suppose -2*d + 5*a = -d + 5, 5*d + 49 = a. Let k = d + 7. Let v(y) be the first derivative of y**2 + 3*y - 1. Give v(k).
-3
Let r(d) = -d**2 + 5*d - 1. Let f = 177 + -156. Let a(u) = 2*u - 2. Let w be a(-6). Let k be (4/(-3))/(w/f). What is r(k)?
5
Let c(v) = -v**2 + 1. Let n(f) = -f**3 - 6*f**2 + 8*f + 5. Suppose 0 = -4*r + 6*r - 4. Suppose -r*o - 11 - 3 = 0. Let i be n(o). Calculate c(i).
-3
Let v(o) = 16*o - 37. Let u(t) = 66*t - 150. Let s(d) = 5*u(d) - 21*v(d). What is s(4)?
3
Let c(u) = -8*u**2 + 13*u - 83. Let d(o) = 2*o**2 - 3*o + 21. Let r(k) = 2*c(k) + 9*d(k). Let j(l) be the first derivative of r(l). What is j(2)?
7
Let k(g) = -8 - 4*g + 16*g - 3*g - 11*g. What is k(-5)?
2
Suppose 11 = 5*g + 1. Let w(t) = 2*t**3 + 4*t**3 - 1 - 4*t**g + 6*t**2. Suppose -2*n - 3*n - 24 = 4*m, -5*n = 5*m + 25. Determine w(m).
-5
Let d(c) = -6*c**3 - c**2 + 2*c - 2. Suppose 0 = -z + 38 - 37. What is d(z)?
-7
Let u = -173 - -166. Let w(s) = -s**3 + 0*s**2 - 7*s**2 - 4*s + 2*s. What is w(u)?
14
Let i(z) = 3*z**3 - 2*z**2 - z. Let a = 27 + -22. Let c be 4 - (a + 0/2). Calculate i(c).
-4
Let z(k) = -k**2 - 6*k + 8. Let y be (-645)/75 + -3*2/15. Give z(y).
-19
Let z(w) be the second derivative of -w**3/2 + 31*w**2/2 + 15*w. What is z(11)?
-2
Let b(s) = s - 10. Let u(k) = -k - 19. Let c be u(-9). Let i(y) = -2*y - 13. Let z be i(c). Calculate b(z).
-3
Suppose -6*j = j + 3*j. Let a(s) = s**3 + 4. Let m be a(j). Let q(c) = c**2 - 7*c + 2. Calculate q(m).
-10
Suppose 27 = 5*z + a, 131*z = 129*z - 3*a + 3. Let c(g) be the third derivative of g**6/120 - g**5/12 - 3*g**4/8 + 5*g**3/6 + g**2. Determine c(z).
-13
Let y be 1 + 6 + (-1)/1. Let d(i) be the second derivative of -1/12*i**4 + 4/3*i**3 - 1 - 3/2*i**2 - i. Calculate d(y).
9
Let l(h) = h**3 + h**2 - 7. Let g = 73 + -33. Let u be 5/g + 14/16. Suppose 2 = a, -3*k + a - 1 - u = 0. Determine l(k).
-7
Let q(u) = -u**2 + 2. Let d = -260 - -257. What is q(d)?
-7
Let p(d) = -d + 1. Let a(c) = 8*c - 7. Let u(o) = -2*a(o) - 14*p(o). Let t be 8/2 + (3 - 2). Determine u(t).
-10
Suppose -5*p + 222 - 639 = -u, -5*p - 4*u - 432 = 0. Let r = -59 - p. Let y(w) = -r - w + w - w + 26. Determine y(3).
-2
Let t(p) = 3*p + 5*p**2 + p - 4*p**2. Let c(o) = -2*o**3 + 162*o**2 + 680*o - 5. Let k be c(85). Calculate t(k).
5
Let d = 2 + 1. Let c = -8 + 11. Let r(s) = -s**3 - s - 1. Let w(f) = 4*f**3 - 2*f**2 + f + 3. Let i(b) = c*r(b) + w(b). Determine i(d).
3
Suppose 270 = 5*z + k + 2*k, 0 = -z - 5*k + 54. Let y = z + -59. Let x(m) = -m + 1. What is x(y)?
6
Suppose -238*o + 40 = -233*o. Let p(t) = t**3 - 7*t**2 - 11*t - 4. Calculate p(o).
-28
Let k(h) be the second derivative of h**5/60 + h**4/8 + 2*h**3/3 - 16*h**2 - 16*h. Let a(b) be the first derivative of k(b). Determine a(-5).
14
Let w(m) be the third derivative of -m**6/360 + m**5/15 + m**4/4 - 7*m**3/3 - 9*m**2. Let a(l) be the first derivative of w(l). Determine a(6).
18
Let x(l) = -2*l**2 + l. Let a be (((-5)/(-3))/(-5))/((-3)/27). Suppose 98 = -a*s + 104. Determine x(s).
-6
Suppose -26*w = -5 + 5. Let a(m) = -m**3 - m**2 + m - 29. Give a(w).
-29
Let u(x) = -40*x**2 - x. Suppose -27*z + 4 = -31*z. Calculate u(z).
-39
Suppose -i - 1 = -3. Suppose -b - b + 2 = w, i*w - 4*b = 4. Let l be 2/(w/42*6). Let h(g) = 2*g - 8. Calculate h(l).
6
Let z(v) = -10*v + 4. Suppose 0 = 2*j + 144 - 150. Calculate z(j).
-26
Let l(b) = -b + 1. Let d be (4 + -5)/(2/(-8)). Suppose -2*n - r = 13, 3*n = d*n - r + 5. What is l(n)?
7
Let v(u) = 5*u**2 + 11*u + 5. Let x(y) = -14*y**2 - 32*y - 15. Let j be 2/4 + 6/(-12)*-21. Let m(k) = j*v(k) + 4*x(k). Give m(-5).
5
Suppose -d = 22 - 20. Let y(m) be the third derivative of -m**5/15 + m**4/24 - m**3/6 - 22*m**2. Calculate y(d).
-19
Let d(m) be the third derivative of -m**5/60 - 11*m**4/24 + m**3/2 + 191*m**2. Give d(-11).
3
Let c be 1*-4*(-3)/3. Suppose 6 = c*y - d, -6 = -5*y + 5*d - 3*d. Let s(m) = 2*m**3 - 5*m + 3 - y*m**2 + 2*m - m**3. What is s(2)?
-3
Suppose 0 = -3*u + 22 - 43. Let w(h) = h**2 + 8*h + 9. Give w(u).
2
Suppose -8*h = -5*h. Suppose h = -2*w + f - 1, w + 4*w + 10 = 4*f. Let g(r) = 3 - 2 - 2 + w*r - 1. Determine g(-2).
-6
Let z(l) = 8*l + 4. Let c(g) = 7*g + 5. Let r(h) = 4*c(h) - 3*z(h). Calculate r(-7).
-20
Suppose 16*q = -11 - 5. Let j(i) = 2*i - 1. Calculate j(q).
-3
Let f = -80 - -26. Let w = f + 87. Let t = 30 - w. Let v(p) = -p**3 - 2*p**2 - 3*p - 3. Calculate v(t).
15
Let w(j) = 11*j + 13. Let n be w(1). Suppose 0 = -5*m + 10*y - 6*y + n, 0 = -3*m - 3*y + 36. Let v(t) = -t**3 + 7*t**2 + 8*t - 11. Calculate v(m).
-11
Let d(z) = -5*z**2 + 14*z + 12. Let p(k) = -4*k**2 + 12*k + 12. Let l(v) = 3*d(v) - 4*p(v). Calculate l(7).
-5
Suppose -370*c + 364*c + 18 = 0. Let s(k) = k**2 - 3*k + 2. Let h be s(3). Let a = h + c. Let w(m) = m**3 - 4*m**2 - 7*m + 7. What is w(a)?
-3
Suppose -10*g + 1159 = 1119. Suppose 0 = s + s - 10. Let f(v) = 3*v - 4*v**2 + v**3 - 2 - s + 1. Determine f(g).
6
Suppose -3*t + 3*z = 8*z - 41, 0 = 4*z - 16. Let d(v) = v**2 - 6*v - 8. Let a be d(t). Let o(i) = -14*i - 1. Determine o(a).
13
Let h(g) = g**2 + 3*g - 3. Let r be h(-4). Let j be (2 - (r + -2)) + 3. Let z(i) = 7*i + 2 - 4 + 3*i**2 - 4*i**2 - 5. What is z(j)?
-1
Let j be 4/(-3) - (-10)/(-15). Let p(m) = -3*m. Let s(c) = -48*c. Let w(r) = j*s(r) + 33*p(r). Calculate w(1).
-3
Let h(l) = 10 - 3*l - 6*l - 12 + 3. What is h(1)?
-8
Let o(q) = -19*q - 6. Let k(w) = -52*w - 21. Let g(y) = -4*k(y) + 11*o(y). Give g(7).
11
Let g(a) = a**3 - 10*a**2 + 9*a - 9. Let c be g(9). Let f(j) = j**3 + 9*j**2 - 2*j - 4. Let q be f(c). Let t = 10 - q. Let l(m) = m**2 + 5*m + 1. Give l(t).
-3
Let b(g) = -g + 1. Let c(y) = -17*y + 12. Let p(h) = 49*h - 35. Let x(t) = -17*c(t) - 6*p(t). Suppose 2 = -z - 4. Let l(d) = z*b(d) + x(d). Determine l(-6).
-6
Let a(m) be the second derivative of m**4/12 - 2*m**3 + 6*m**2 + 2*m + 4. Calculate a(11).
1
Suppose 4*i = i + 4*y - 16, -4*i - 12 = -3*y. Let a be 2*(2 - 3) - i. Let m(d) = d**2 + 3*d + 3. Calculate m(a).
1
Let l = -9 + 11. Let t(r) = 5*r - 4*r + 5 - l - 5. Give t(0).
-2
Let a(k) = -2*k**2 - 4*k + 3. Let y(w) = 3*w**2 + 7*w - 4. Let v(s) = 7*a(s) + 5*y(s). What is v(-5)?
-9
Let r(z) be the second derivative of -z**5/10 - z**4/6 - z**3/3 - 54*z. Let j = -10 - -8. Calculate r(j).
12
Let p(s) = -s**3 + 2*s**2 - 3*s + 3. Let i = 5 - 0. Suppose -i*l - 16 = u - 0*l, u - l - 8 =